ctor of 7 and 203?
7
What is the greatest common factor of 134 and 871?
67
What is the greatest common divisor of 14 and 418?
2
Calculate the highest common divisor of 54561 and 39.
39
Calculate the greatest common factor of 49 and 371.
7
What is the highest common divisor of 4107 and 111?
111
What is the highest common divisor of 148 and 2368?
148
What is the greatest common factor of 202 and 32825?
101
Calculate the greatest common factor of 10 and 150.
10
Calculate the highest common divisor of 8041 and 935.
187
What is the greatest common divisor of 118 and 2773?
59
What is the highest common divisor of 845 and 13?
13
What is the greatest common divisor of 176 and 1298?
22
Calculate the highest common factor of 1924 and 1776.
148
Calculate the highest common divisor of 102 and 6.
6
What is the highest common factor of 198 and 234?
18
What is the greatest common divisor of 370 and 111?
37
What is the highest common factor of 202 and 3131?
101
Calculate the greatest common factor of 10494 and 54.
18
What is the highest common divisor of 205 and 290?
5
What is the greatest common factor of 1769 and 122?
61
Calculate the highest common factor of 4 and 128.
4
What is the highest common factor of 1145 and 25?
5
Calculate the highest common divisor of 37 and 19.
1
What is the greatest common factor of 7029 and 396?
99
What is the greatest common divisor of 35 and 595?
35
Calculate the greatest common factor of 696 and 44.
4
What is the greatest common factor of 736 and 16?
16
What is the greatest common factor of 17901 and 102?
51
What is the highest common factor of 1624 and 2552?
232
What is the highest common divisor of 164 and 4?
4
Calculate the highest common factor of 84 and 420.
84
Calculate the highest common factor of 2825 and 339.
113
What is the greatest common divisor of 2139 and 46?
23
Calculate the highest common divisor of 456 and 57.
57
Calculate the greatest common factor of 10 and 15.
5
What is the greatest common factor of 1554 and 294?
42
Calculate the greatest common factor of 15 and 75.
15
What is the highest common factor of 87 and 3741?
87
Calculate the highest common divisor of 2392 and 3496.
184
Calculate the highest common divisor of 38248 and 8.
8
What is the greatest common factor of 5632 and 440?
88
What is the highest common factor of 177 and 1947?
177
What is the greatest common factor of 341 and 99?
11
Calculate the greatest common divisor of 4970 and 42.
14
Calculate the highest common divisor of 10773 and 266.
133
Calculate the greatest common divisor of 37114 and 154.
154
What is the greatest common divisor of 9370 and 20?
10
What is the greatest common divisor of 529 and 115?
23
What is the greatest common divisor of 24178 and 11?
11
What is the highest common divisor of 424 and 4?
4
What is the greatest common factor of 1095 and 292?
73
What is the highest common factor of 232 and 28072?
232
What is the highest common factor of 79 and 10112?
79
Calculate the greatest common factor of 976 and 112.
16
What is the greatest common factor of 1443 and 74?
37
Calculate the highest common divisor of 506 and 176.
22
What is the highest common factor of 14 and 3?
1
Calculate the highest common divisor of 60 and 1860.
60
Calculate the greatest common divisor of 2420 and 660.
220
Calculate the greatest common factor of 464 and 528.
16
Calculate the highest common factor of 16 and 2560.
16
Calculate the greatest common divisor of 570 and 30.
30
What is the greatest common factor of 9 and 210?
3
What is the greatest common divisor of 287 and 1107?
41
Calculate the greatest common divisor of 10 and 605.
5
Calculate the greatest common divisor of 1512 and 54.
54
What is the highest common factor of 6280 and 80?
40
Calculate the highest common divisor of 472 and 5782.
118
What is the highest common factor of 2260 and 30?
10
Calculate the greatest common factor of 4214 and 98.
98
What is the greatest common factor of 50 and 3500?
50
Calculate the greatest common factor of 42 and 189.
21
Calculate the greatest common factor of 325 and 65.
65
What is the greatest common divisor of 46 and 64814?
46
What is the highest common divisor of 21 and 1?
1
What is the greatest common factor of 3 and 57?
3
What is the greatest common factor of 56 and 248?
8
What is the highest common factor of 18 and 1629?
9
What is the greatest common divisor of 13 and 1924?
13
What is the greatest common divisor of 10 and 652?
2
Calculate the highest common divisor of 319 and 297.
11
Calculate the greatest common factor of 15616 and 61.
61
What is the greatest common factor of 63 and 1008?
63
Calculate the highest common divisor of 455 and 819.
91
Calculate the highest common factor of 22 and 6.
2
Calculate the greatest common divisor of 208 and 64.
16
Calculate the highest common divisor of 72 and 468.
36
Calculate the greatest common divisor of 38 and 2.
2
What is the highest common divisor of 236 and 3422?
118
Calculate the greatest common divisor of 1312 and 128.
32
What is the greatest common factor of 1872 and 988?
52
What is the greatest common divisor of 3 and 145?
1
Calculate the greatest common factor of 351 and 39.
39
What is the greatest common divisor of 21 and 1239?
21
What is the greatest common factor of 7 and 4172?
7
Calculate the greatest common factor of 1458 and 12.
6
Calculate the greatest common divisor of 191 and 45649.
191
What is the greatest common divisor of 160 and 60?
20
Calculate the greatest common factor of 72 and 108.
36
Calculate the highest common divisor of 1963 and 26.
13
What is the greatest common factor of 75 and 12?
3
What is the greatest common factor of 864 and 387?
9
Calculate the highest common factor of 27 and 225.
9
Calculate the greatest common divisor of 28 and 476.
28
Calculate the greatest common factor of 19180 and 10.
10
Calculate the highest common factor of 3213 and 17.
17
Calculate the greatest common factor of 106 and 4187.
53
What is the greatest common divisor of 12 and 768?
12
Calculate the greatest common divisor of 572 and 55.
11
Calculate the greatest common factor of 26110 and 210.
70
Calculate the greatest common factor of 19 and 93.
1
What is the greatest common divisor of 5 and 535?
5
Calculate the highest common divisor of 294 and 1806.
42
Calculate the greatest common divisor of 21 and 381.
3
Calculate the highest common divisor of 462 and 4081.
77
Calculate the highest common divisor of 11 and 9.
1
What is the highest common factor of 391 and 425?
17
Calculate the greatest common factor of 361 and 133.
19
What is the highest common factor of 2409 and 165?
33
Calculate the greatest common divisor of 8 and 20.
4
What is the highest common divisor of 51 and 1037?
17
What is the highest common factor of 340 and 68?
68
What is the greatest common factor of 42 and 5502?
42
Calculate the highest common divisor of 4368 and 78.
78
What is the greatest common divisor of 4440 and 20?
20
Calculate the greatest common factor of 90 and 12.
6
What is the greatest common factor of 444 and 27084?
444
Calculate the highest common factor of 2520 and 1575.
315
Calculate the highest common divisor of 378 and 21.
21
Calculate the highest common divisor of 308 and 132.
44
Calculate the greatest common factor of 245 and 12005.
245
Calculate the highest common factor of 16 and 208.
16
What is the greatest common factor of 21910 and 35?
35
Calculate the highest common factor of 9 and 393.
3
Calculate the highest common factor of 406 and 14.
14
What is the highest common divisor of 504 and 81?
9
Calculate the highest common factor of 1364 and 220.
44
What is the highest common factor of 20 and 8?
4
Calculate the highest common divisor of 18 and 9.
9
What is the greatest common factor of 105 and 567?
21
What is the greatest common divisor of 144 and 1494?
18
What is the highest common divisor of 160 and 2140?
20
What is the greatest common divisor of 24 and 4536?
24
Calculate the greatest common factor of 58 and 58.
58
Calculate the greatest common divisor of 66 and 24.
6
Calculate the greatest common divisor of 5 and 6.
1
What is the greatest common factor of 190 and 220?
10
Calculate the greatest common divisor of 147 and 24.
3
Calculate the highest common factor of 26 and 78.
26
What is the greatest commo